{"id":3374,"date":"2023-07-10T17:32:27","date_gmt":"2023-07-10T15:32:27","guid":{"rendered":"https:\/\/www.ivicicavnuci.cz\/eshop\/?post_type=product&#038;p=3374"},"modified":"2023-09-26T10:43:20","modified_gmt":"2023-09-26T08:43:20","slug":"frankovka22-01","status":"publish","type":"product","link":"https:\/\/www.carodejky.eu\/eshop\/product\/frankovka22-01\/","title":{"rendered":"Frankovka 2022"},"content":{"rendered":"<p>V\u00edno m\u00e1 sytou barvu s p\u0159\u00edjemn\u00fdm ovocn\u00fdm aroma dopln\u011bn\u00e9 o d\u0159evit\u00e9, kou\u0159ovit\u00e9 t\u00f3ny.<br \/>\nChu\u0165 je pln\u00e1, t\u011blnat\u00e1 s n\u00e1dechem \u0161vestkov\u00fdch povidel.<br \/>\nHrozny poch\u00e1z\u00ed z 22 let star\u00e9 vinice ve vini\u010dn\u00ed trati Star\u00e9 Hory v obci Hovorany. V\u00edno le\u017eelo 10 m\u011bs\u00edc\u016f na barikov\u00e9m sudu.<br \/>\nElegantn\u00ed v\u00edno vhodn\u00e9 k archivaci. V\u00edno nen\u00ed z\u00e1m\u011brn\u011b filtrov\u00e1no ani o\u0161et\u0159eno dal\u0161\u00edmi p\u0159\u00edpravky, aby byl zachycen terroir na\u0161\u00ed vinice.<\/p>\n<p>Doporu\u010dujeme ke zv\u011b\u0159in\u00e1m, steak\u016fm \u010di foie gras s malinovou pastou.<\/p>\n<p>&nbsp;<\/p>\n<table>\n<tbody>\n<tr style=\"height: 24px;\">\n<th style=\"height: 24px;\"><span style=\"font-family: georgia, palatino, serif;\">Odr\u016fda<\/span><\/th>\n<td style=\"height: 24px;\">Frankovka<\/td>\n<th style=\"height: 24px;\"><span style=\"font-family: georgia, palatino, serif;\">Kategorie<\/span><\/th>\n<td style=\"height: 24px;\">Such\u00e9<\/td>\n<\/tr>\n<tr style=\"height: 22px;\">\n<th style=\"height: 22px;\"><span style=\"font-family: georgia, palatino, serif;\">P\u0159\u00edvlastek<\/span><\/th>\n<td style=\"height: 22px;\">Moravsk\u00e9 zemsk\u00e9 v\u00edno<\/td>\n<th style=\"height: 22px;\"><span style=\"font-family: georgia, palatino, serif;\">Barva v\u00edna<\/span><\/th>\n<td style=\"height: 22px;\">\u010cerven\u00e9<\/td>\n<\/tr>\n<tr style=\"height: 24px;\">\n<th style=\"height: 24px;\"><span style=\"font-family: georgia, palatino, serif;\">Ro\u010dn\u00edk<\/span><\/th>\n<td style=\"height: 24px;\"><span style=\"font-family: georgia, palatino, serif;\">2022<\/span><\/td>\n<th style=\"height: 24px;\"><span style=\"font-family: georgia, palatino, serif;\">Zbytkov\u00fd cukr<\/span><\/th>\n<td style=\"height: 24px;\"><span style=\"font-family: georgia, palatino, serif;\">0,4 g\/l<\/span><\/td>\n<\/tr>\n<tr style=\"height: 24px;\">\n<th style=\"height: 24px;\"><span style=\"font-family: georgia, palatino, serif;\">Obsah lahve<\/span><\/th>\n<td style=\"height: 24px;\"><span style=\"font-family: georgia, palatino, serif;\">0,75 l<\/span><\/td>\n<th style=\"height: 24px;\"><span style=\"font-family: georgia, palatino, serif;\">Kyseliny<\/span><\/th>\n<td style=\"height: 24px;\"><span style=\"font-family: georgia, palatino, serif;\">5,5 g\/l<\/span><\/td>\n<\/tr>\n<tr style=\"height: 24px;\">\n<th style=\"height: 24px;\"><span style=\"font-family: georgia, palatino, serif;\">Vina\u0159sk\u00e1 obec<\/span><\/th>\n<td style=\"height: 24px;\"><span style=\"font-family: georgia, palatino, serif;\">\u010cej\u010d<\/span><\/td>\n<th style=\"height: 24px;\"><span style=\"font-family: georgia, palatino, serif;\">Alkohol<\/span><\/th>\n<td style=\"height: 24px;\"><span style=\"font-family: georgia, palatino, serif;\">\u00a013 %<\/span><\/td>\n<\/tr>\n<tr style=\"height: 24px;\">\n<th style=\"height: 23px;\"><span style=\"font-family: georgia, palatino, serif;\">Vini\u010dn\u00ed tra\u0165<\/span><\/th>\n<td style=\"height: 23px;\"><span style=\"font-family: georgia, palatino, serif;\">Star\u00e9 Hory<\/span><\/td>\n<th style=\"height: 23px;\">Doba zr\u00e1n\u00ed<\/th>\n<td style=\"height: 23px;\">10 m\u011bs\u00edc\u016f v sudu<\/td>\n<\/tr>\n<tr style=\"height: 24px;\">\n<th style=\"height: 24px;\"><span style=\"font-family: georgia, palatino, serif;\">Region<\/span><\/th>\n<td style=\"height: 24px;\"><span style=\"font-family: georgia, palatino, serif;\">Morava<\/span><\/td>\n<th style=\"height: 24px;\"><span style=\"font-family: georgia, palatino, serif;\">Obsahuje<\/span><\/th>\n<td style=\"height: 24px;\"><span style=\"font-family: georgia, palatino, serif;\">oxid si\u0159i\u010dit\u00fd<\/span><\/td>\n<\/tr>\n<\/tbody>\n<\/table>\n","protected":false},"excerpt":{"rendered":"<p>V\u00edno m\u00e1 sytou barvu s p\u0159\u00edjemn\u00fdm ovocn\u00fdm aroma dopln\u011bn\u00e9 o d\u0159evit\u00e9, kou\u0159ovit\u00e9 t\u00f3ny. Chu\u0165 je pln\u00e1, t\u011blnat\u00e1 s n\u00e1dechem \u0161vestkov\u00fdch povidel. Hrozny poch\u00e1z\u00ed z 22 let star\u00e9 vinice ve vini\u010dn\u00ed [&hellip;]<\/p>\n","protected":false},"featured_media":3375,"comment_status":"open","ping_status":"closed","template":"","meta":[],"product_cat":[134],"product_tag":[206,138,141],"class_list":{"0":"post-3374","1":"product","2":"type-product","3":"status-publish","4":"has-post-thumbnail","6":"product_cat-cervena-vina","7":"product_tag-206","8":"product_tag-cervene","9":"product_tag-suche","11":"first","12":"instock","13":"sale","14":"purchasable","15":"product-type-simple"},"jetpack_publicize_connections":[],"jetpack_sharing_enabled":true,"jetpack_likes_enabled":false,"_links":{"self":[{"href":"https:\/\/www.carodejky.eu\/eshop\/wp-json\/wp\/v2\/product\/3374","targetHints":{"allow":["GET"]}}],"collection":[{"href":"https:\/\/www.carodejky.eu\/eshop\/wp-json\/wp\/v2\/product"}],"about":[{"href":"https:\/\/www.carodejky.eu\/eshop\/wp-json\/wp\/v2\/types\/product"}],"replies":[{"embeddable":true,"href":"https:\/\/www.carodejky.eu\/eshop\/wp-json\/wp\/v2\/comments?post=3374"}],"wp:featuredmedia":[{"embeddable":true,"href":"https:\/\/www.carodejky.eu\/eshop\/wp-json\/wp\/v2\/media\/3375"}],"wp:attachment":[{"href":"https:\/\/www.carodejky.eu\/eshop\/wp-json\/wp\/v2\/media?parent=3374"}],"wp:term":[{"taxonomy":"product_cat","embeddable":true,"href":"https:\/\/www.carodejky.eu\/eshop\/wp-json\/wp\/v2\/product_cat?post=3374"},{"taxonomy":"product_tag","embeddable":true,"href":"https:\/\/www.carodejky.eu\/eshop\/wp-json\/wp\/v2\/product_tag?post=3374"}],"curies":[{"name":"wp","href":"https:\/\/api.w.org\/{rel}","templated":true}]}}